remainder when 406234 is divided by 208?
10
What is the remainder when 3401778 is divided by 253?
193
Calculate the remainder when 25658569 is divided by 53.
50
What is the remainder when 14071908 is divided by 142?
134
What is the remainder when 371460 is divided by 1190?
180
Calculate the remainder when 91560696 is divided by 27.
24
What is the remainder when 59061 is divided by 58957?
104
Calculate the remainder when 13375752 is divided by 1353.
1347
What is the remainder when 121651 is divided by 1196?
855
Calculate the remainder when 917191 is divided by 458592.
7
Calculate the remainder when 4778980 is divided by 1072.
4
Calculate the remainder when 99183 is divided by 746.
711
What is the remainder when 62161 is divided by 12126?
1531
Calculate the remainder when 1370815 is divided by 22413.
3622
What is the remainder when 383174 is divided by 41?
29
Calculate the remainder when 35122851 is divided by 21.
15
Calculate the remainder when 13030066 is divided by 731.
722
What is the remainder when 1034594 is divided by 313?
129
Calculate the remainder when 3011790 is divided by 548.
530
What is the remainder when 359065 is divided by 1057?
742
Calculate the remainder when 2718758 is divided by 1480.
1478
What is the remainder when 50343 is divided by 360?
303
What is the remainder when 1440820 is divided by 480256?
52
What is the remainder when 4807489 is divided by 102287?
0
What is the remainder when 135187683 is divided by 5275?
5258
Calculate the remainder when 12246243 is divided by 942005.
178
Calculate the remainder when 19005273 is divided by 5466.
5457
Calculate the remainder when 4694923 is divided by 68.
67
What is the remainder when 650577 is divided by 81320?
17
What is the remainder when 867483 is divided by 433303?
877
Calculate the remainder when 53237 is divided by 3.
2
Calculate the remainder when 20764589 is divided by 8108.
1
Calculate the remainder when 100724 is divided by 50075.
574
What is the remainder when 19402 is divided by 9227?
948
Calculate the remainder when 3948899 is divided by 3948889.
10
Calculate the remainder when 4960808 is divided by 9325.
9233
What is the remainder when 2649132 is divided by 882663?
1143
Calculate the remainder when 98433829 is divided by 133.
130
What is the remainder when 11438 is divided by 237?
62
Calculate the remainder when 172126 is divided by 4098.
10
What is the remainder when 9596902 is divided by 110309?
19
What is the remainder when 46412030 is divided by 8?
6
What is the remainder when 16609318 is divided by 2028?
2026
What is the remainder when 116007498 is divided by 7?
5
What is the remainder when 3542767 is divided by 354274?
27
Calculate the remainder when 32322598 is divided by 2061.
1996
Calculate the remainder when 1311565 is divided by 2208.
13
What is the remainder when 22879935 is divided by 1168?
1151
What is the remainder when 15213769 is divided by 1826?
1363
Calculate the remainder when 3806144 is divided by 292777.
43
Calculate the remainder when 265150 is divided by 132524.
102
What is the remainder when 1035511 is divided by 17545?
356
What is the remainder when 112027 is divided by 244?
31
Calculate the remainder when 166913 is divided by 429.
32
Calculate the remainder when 36085300 is divided by 2441.
2438
What is the remainder when 480816994 is divided by 25306157?
11
What is the remainder when 16540945 is divided by 49229?
1
What is the remainder when 70711 is divided by 78?
43
What is the remainder when 5323207 is divided by 8698?
31
What is the remainder when 268531 is divided by 268373?
158
Calculate the remainder when 1960282 is divided by 712.
146
Calculate the remainder when 430663 is divided by 84.
79
What is the remainder when 9740345 is divided by 541128?
41
What is the remainder when 483658 is divided by 36?
34
Calculate the remainder when 24639567 is divided by 15.
12
Calculate the remainder when 276886 is divided by 2198.
2136
Calculate the remainder when 24240 is divided by 914.
476
What is the remainder when 1294930 is divided by 184981?
63
What is the remainder when 939790 is divided by 5977?
1401
Calculate the remainder when 73656 is divided by 130.
76
What is the remainder when 1319400 is divided by 995?
30
Calculate the remainder when 140963 is divided by 3253.
1084
Calculate the remainder when 2635744 is divided by 232.
224
Calculate the remainder when 5945831 is divided by 3684.
3539
Calculate the remainder when 57990 is divided by 8240.
310
Calculate the remainder when 284885 is divided by 23704.
437
What is the remainder when 125515 is divided by 41830?
25
What is the remainder when 106207 is divided by 5003?
1144
Calculate the remainder when 393710 is divided by 3694.
2146
What is the remainder when 82523022 is divided by 251?
246
Calculate the remainder when 24508 is divided by 3946.
832
What is the remainder when 59605636 is divided by 26777?
34
What is the remainder when 1397258 is divided by 93123?
413
Calculate the remainder when 794918 is divided by 198674.
222
Calculate the remainder when 27831489 is divided by 262.
15
What is the remainder when 120130 is divided by 39913?
391
What is the remainder when 2808105 is divided by 17441?
104
What is the remainder when 915912 is divided by 8979?
54
Calculate the remainder when 1026935 is divided by 342282.
89
What is the remainder when 127858854 is divided by 537222?
18
Calculate the remainder when 5978361 is divided by 16379.
26
Calculate the remainder when 81391007 is divided by 433.
430
What is the remainder when 3439839 is divided by 40?
39
What is the remainder when 767686 is divided by 156?
10
What is the remainder when 8017840 is divided by 6789?
31
Calculate the remainder when 211301 is divided by 70.
41
Calculate the remainder when 896467 is divided by 99588.
175
Calculate the remainder when 788532 is divided by 224.
52
What is the remainder when 12230028 is divided by 563?
542
What is the remainder when 42165 is divided by 37344?
4821
What is the remainder when 55677999 is divided by 4850?
4849
What is the remainder when 679733 is divided by 6730?
3
What is the remainder when 114435 is divided by 1612?
1595
Calculate the remainder when 40813 is divided by 337.
36
Calculate the remainder when 112467 is divided by 537.
234
What is the remainder when 3358522 is divided by 88379?
120
Calculate the remainder when 355125 is divided by 2247.
99
What is the remainder when 181694911 is divided by 3808?
3807
What is the remainder when 27816590 is divided by 4636097?
8
What is the remainder when 84791 is divided by 53?
44
What is the remainder when 719469 is divided by 119911?
3
Calculate the remainder when 1701357 is divided by 212668.
13
What is the remainder when 74729 is divided by 634?
551
Calculate the remainder when 117153 is divided by 23372.
293
What is the remainder when 6733751 is divided by 376?
343
What is the remainder when 33533592 is divided by 3391?
3384
Calculate the remainder when 11920802 is divided by 39736.
2
What is the remainder when 13441287 is divided by 833?
832
What is the remainder when 906344504 is divided by 99?
98
What is the remainder when 54553 is divided by 896?
793
What is the remainder when 845279 is divided by 25?
4
Calculate the remainder when 35017119 is divided by 1526.
1523
What is the remainder when 2270598 is divided by 1134715?
1168
What is the remainder when 409509 is divided by 1517?
1436
What is the remainder when 11378140 is divided by 262?
4
What is the remainder when 18896 is divided by 3144?
32
What is the remainder when 271241206 is divided by 95?
56
What is the remainder when 1087832 is divided by 502?
500
Calculate the remainder when 25757 is divided by 3510.
1187
Calculate the remainder when 33718959 is divided by 12257.
12209
Calculate the remainder when 1768446 is divided by 88.
86
What is the remainder when 2640410 is divided by 1640?
10
Calculate the remainder when 3040704 is divided by 380035.
424
Calculate the remainder when 1041559 is divided by 208302.
49
What is the remainder when 87774 is divided by 17352?
1014
What is the remainder when 1297912045 is divided by 592?
589
What is the remainder when 67493 is divided by 2244?
173
What is the remainder when 283088 is divided by 311?
78
What is the remainder wh